
Let l be (-2)/9*6*-3. Suppose c + 3 = -l. What is the units digit of 0 - ((-1 - 1) + c)?
9
Suppose x - 2*x = -2. Suppose -x*d + 4*z + 2 = 0, 0 = -5*d - z + 3*z + 37. What is the units digit of d?
9
Suppose 0 = -o + 9 - 4, 2*o = y - 47. What is the tens digit of y?
5
Suppose -r = -6*r + 180. Suppose 16 = 4*c - r. Suppose -2*v + c = 4*o - 13, -3*o + 2*v + 16 = 0. What is the units digit of o?
6
What is the tens digit of (-2 - 188)*5/(-10)?
9
Suppose -10 = 5*u, 0*u - 1123 = -5*a + 4*u. What is the hundreds digit of a?
2
Suppose 219 + 243 = 11*d. What is the units digit of d?
2
Let y be 0*((-5)/3)/(-5). Suppose -8*k + 7*k - 2 = y. What is the units digit of (-5 - (-1 + k)) + 14?
2
Let s(c) = c**3 + 6*c**2 - 9*c - 4. Let a(h) = -h**3 + 4*h**2 - 3*h + 5. Let v be a(4). What is the units digit of s(v)?
0
Suppose -j = -3 - 1. Suppose -4*n + 2*y - 2 = -j, 5 = -3*n - 5*y. Suppose 2*a - 14 = -n*a. What is the units digit of a?
7
Suppose -5*h - 10 = -0. Let q(d) = 7*d**2 + 6*d + 2. Let m(c) = 3*c**2 + 3*c + 1. Let j(p) = -5*m(p) + 2*q(p). What is the units digit of j(h)?
1
Let u be -3 + (-4*1 - -1). Let c = u - -7. What is the units digit of c?
1
Suppose -w = -4*q - q - 28, -14 = 2*w + 4*q. Suppose 14 = -w*m + 5*m. What is the units digit of m?
7
Suppose 3*s = 2*l - 39, 5*l - 21 = -2*s + 29. What is the tens digit of l?
1
Let d(x) = -x. Let n = -1 - -1. Let y be d(n). Suppose 4*j - 12 - 20 = y. What is the units digit of j?
8
What is the hundreds digit of (1695/(-45))/((-2)/6)?
1
Suppose 13 = -x - 4*b, -2*b + 3 = 2*x + 5. Suppose -o + 32 = x*o. Suppose -o = -i - 1. What is the units digit of i?
7
Let g be (-5)/(1 + 2/(-1)). Let b = g - -7. What is the units digit of b?
2
Let q = 6 - 2. Suppose 3*n - q*n = -2*v - 4, 3*v + 1 = n. What is the tens digit of n?
1
Suppose -5*n + 2*n = -33. What is the units digit of n?
1
Let h = 65 + -24. What is the units digit of h?
1
Let w(r) = -2 + 12*r + 2*r**2 - r**2 + 11. What is the units digit of w(-12)?
9
Let y(o) = o**3 + 14*o**2 - 12. What is the units digit of y(-12)?
6
Suppose 0 = -24*q + 20*q + 592. What is the units digit of q?
8
Let p be (-2)/4 + (-42)/(-4). Suppose 5*z - p*z = -50. What is the units digit of z?
0
Let h = -8 + 13. Suppose -4*j - 2*r = 20, h*j + 28 = r - 11. Let z = j - -11. What is the units digit of z?
4
Let v(b) = b - 7. Let q be v(3). Let d = 14 + q. Suppose 3*h - 41 = d. What is the tens digit of h?
1
Suppose -4*h = -0*n + 4*n - 16, 0 = 4*n - 4. Let r(y) = 5*y**2 - h - y**2 - 3*y - 3*y**2. What is the units digit of r(5)?
7
Let n(q) be the third derivative of q**6/180 - q**5/120 + q**3/3 + 3*q**2. Let g(b) be the first derivative of n(b). What is the units digit of g(-1)?
3
What is the units digit of 4/5 - 10/(-50)?
1
Let t(v) = -v**2 - 3*v + 3. Let z be t(-3). Suppose 0 = z*j - 4*j + 5*x + 46, 98 = 3*j - 5*x. What is the tens digit of j?
2
Suppose -106 = -10*t + 304. What is the tens digit of t?
4
What is the tens digit of (-706)/(-8) - 8*6/192?
8
Let u(b) = 16*b - 5. What is the units digit of u(4)?
9
Suppose 13*y - 5 - 86 = 0. What is the units digit of y?
7
Suppose 0 = 4*y + y - 20. Let d(c) = c**3 + c**2 + 3*c + 1. Let x be d(-5). What is the units digit of x/(-15) + y/10?
8
Suppose -5*y - 2*z + 324 = -0*y, 2*y = -z + 130. What is the tens digit of y?
6
Let w = -3 + 69. What is the units digit of w?
6
Let x = 143 + -49. What is the tens digit of x?
9
Suppose -4 + 8 = 2*s. Let x be (1 - s)/((-2)/6). Suppose 3*p - 18 = -5*j, -4*p = -7*p + x*j + 42. What is the tens digit of p?
1
Let l(u) = -u + 9. Let s = 11 - 4. What is the units digit of l(s)?
2
What is the tens digit of 3 - (3 + -2)/((-6)/1902)?
2
Let u = 92 - 30. What is the units digit of u?
2
Let x = 8 + -5. Suppose 3*b - 6 = x*q, 5*q - 5 + 0 = 2*b. What is the units digit of b?
5
Let i = 129 - 68. What is the units digit of i?
1
Let f = -15 + 4. Let w = -9 - f. What is the units digit of w?
2
What is the tens digit of (30/(-4))/((-15)/20)?
1
Let w(n) = n**2 + 7*n - 8. Let x be w(-8). Suppose 0 = -g + 12 - x. What is the units digit of g?
2
Let s(l) be the first derivative of 3*l**2/2 - 5*l - 1. What is the units digit of s(5)?
0
Suppose 0 = 5*o + 4*j - 462, o - 4*o + 2*j + 264 = 0. What is the tens digit of o?
9
Let j(o) = 3*o**2 + o + 2. Let y be j(2). Let v = y - 4. What is the units digit of v?
2
What is the units digit of -1 + (-475)/(-9) + (-6)/(-27)?
2
Let a = 9 + -5. Suppose 0 = -2*y + a*y + 64. Let n = -23 - y. What is the units digit of n?
9
Suppose 3*o + 0*o = 4*m + 9, o - 3 = -5*m. Suppose -h + 13 = -o*a, -6*a = 5*h - a - 45. What is the tens digit of h?
1
Let w = -4 + 8. What is the tens digit of 4/(-6)*(-72)/w?
1
Let h(k) = 7*k**2 - 21*k + 11. Let d(j) = -3*j**2 + 10*j - 5. Let o(a) = -9*d(a) - 4*h(a). Let m be o(-5). Suppose -l = 2 - m. What is the units digit of l?
4
Let i = 5 + -10. Let l = -4 - i. Let z(v) = 8*v**3 + 2*v**2 - v. What is the units digit of z(l)?
9
Suppose 3*c + 12 = -0*w - w, -c = 3*w + 36. What is the units digit of ((-13)/(-2))/((-3)/w)?
6
Suppose 2*t - 5*t = -3. Suppose t = -d - 9. Let f = 16 + d. What is the units digit of f?
6
Let k = -1 + 3. Suppose m - 2*m = -k. Suppose 0 = -m*n + 6*n + 3*s - 22, -n - 1 = 4*s. What is the units digit of n?
7
What is the tens digit of ((-29)/(-3))/((-5)/(-15))?
2
Let o(i) = -4*i**3 - 3*i**2 + 6*i + 2. Let t(u) = -9*u**3 - 6*u**2 + 13*u + 5. Let x(k) = 7*o(k) - 3*t(k). What is the units digit of x(-4)?
3
Let c = 9 - 13. Let o(m) = -m**2 - 6*m - 5. What is the units digit of o(c)?
3
Suppose 6*f - 9 = 3*f. Let g(b) be the first derivative of -b**4/4 + 4*b**3/3 - b**2/2 + b - 1. What is the units digit of g(f)?
7
Let j(u) = -31*u + 2 - 1 + 5*u. What is the tens digit of j(-1)?
2
Suppose 8*p = t + 3*p - 9, -5*p = t + 1. Suppose 5*j - 44 = 4*j + 4*q, -4*j + 96 = t*q. What is the tens digit of j?
2
What is the hundreds digit of 4 - (4 - 141 - -1)?
1
Suppose -3*b + 3*w = -327, -5*b = -3*w - 757 + 208. What is the tens digit of b?
1
Let b(q) = q**2 + 4*q - 9. What is the tens digit of b(-10)?
5
Suppose -4*j + 4*v + 8 + 40 = 0, 4*v = -4*j + 8. What is the units digit of j?
7
Suppose -s = -4*x + 3*x - 10, -2*x - 36 = -4*s. Let h = 1 + s. What is the units digit of h?
9
Let q = -215 + 481. What is the units digit of q?
6
What is the units digit of (-2)/(-10) + 14640/50?
3
Let n = 4 + -6. Let w(q) = -5*q**2 + 3*q + 2. Let b be w(n). Let u = b + 35. What is the tens digit of u?
1
What is the tens digit of 48/5*80/24?
3
Let g = 3 - -3. Let v(p) = p**2 - 5*p. Let f be v(g). Suppose -f*r + 12 = -4*r. What is the units digit of r?
6
Let c = 39 + 27. Suppose 6*d - 5*d = 0. Suppose d = -4*m - 18 + c. What is the tens digit of m?
1
Suppose 0 = 2*b + b - 30. What is the units digit of (-2)/5 + 114/b?
1
Let s(w) = w. Let j(f) be the first derivative of -f**4/4 - 5*f**3/3 - 2*f**2 + f + 2. Let q be j(-4). What is the units digit of s(q)?
1
Let c(l) = 2*l**2 + l - 2. Let m = -8 + 6. What is the units digit of c(m)?
4
Suppose -186 = 24*m - 30*m. What is the units digit of m?
1
Suppose 0 = 3*r - 376 + 76. What is the units digit of r?
0
Suppose 4*o - 136 - 4 = 0. What is the units digit of o?
5
Suppose 3*a - 4 = 5*a. What is the tens digit of (44/6)/(a/(-6))?
2
Let b(s) = -2*s**3 - 7*s**2 + 3*s + 1. Let p be b(-4). Suppose -5*a + p*x = -60, -6*x - 63 = -5*a - 4*x. What is the units digit of a?
3
Suppose -3*j = -3*w - 7*j + 221, -5*w + 403 = -2*j. What is the units digit of w?
9
Let d(b) = -b**3 - 23*b**2 + 10*b - 40. What is the units digit of d(-24)?
6
Let n(a) = -4*a - 6. Let q be (-7)/(-35) - 62/10. Let o be n(q). Suppose -4*m - 2*c + o = 0, -6*m + 40 = -m - c. What is the units digit of m?
7
Let g(l) = l**2 - 4*l + 6. Let f be (-5)/((-105)/12)*7. What is the units digit of g(f)?
6
Suppose 3*u - 695 = 2*r, 3*u + 3*r = 944 - 269. What is the units digit of u?
9
Suppose 10 = -3*a + 121. What is the tens digit of a?
3
Let q = 11 + -6. Suppose 0*t = -t - 3*x + 42, -100 = -4*t + q*x. Let j = t + -21. What is the units digit of j?
9
Let m be (30/(-9))/(6/(-9)). Let a(i) = i**2 + 3. Let x be a(0). Suppose 3*g = -m*t + 6, -g = x*t - 0*t - 2. What is the units digit of g?
2
Let k be (-1 + (3 - 1))/1. Let s(a) = -k + a - a + 5*a. What is the units digit of s(2)?
9
Let c be 1 - (-1)/(3/6